- 7*n - 28 = -3*n. Suppose b*h - 40 - 116 = j. Does 20 divide h?
False
Let k(l) = l - 11. Is 2 a factor of k(14)?
False
Let u = 23 - 23. Suppose u = l + 4*l - 80. Is l a multiple of 12?
False
Let c = -5 - -7. Suppose -c*w = 4*f - 38, -5*f - 37 = 3*w - 99. Is 8 a factor of w?
False
Suppose -6*s + 195 = -s. Is 11 a factor of s?
False
Let v = -235 - -351. Does 39 divide v?
False
Suppose -3*w = -2*y - 192, 5*w + 430 = -8*y + 3*y. Suppose 160 = c + 3*c. Is 15 a factor of (y/8)/((-15)/c)?
True
Suppose -7*p + 3*p = 48. Let c(t) = -t**3 - 13*t**2 - 14*t - 10. Does 14 divide c(p)?
True
Let j = -8 + 30. Suppose -2*g - j = -3*g. Is g a multiple of 12?
False
Let q(p) = -p**3 + 7*p**2 + 5*p + 11. Let l be q(8). Let u = 11 - l. Is 24 a factor of u?
True
Is 12 a factor of (-6)/(3/28*-2)?
False
Let h(g) = -g**3 - 2*g**2 - 4*g - 4. Is h(-4) a multiple of 9?
False
Let u(j) be the second derivative of 5*j**5/4 - j**4/6 + j**3/6 + 3*j. Is 12 a factor of u(1)?
True
Let c = 36 - 61. Let n = 0 - c. Is 10 a factor of n?
False
Let y be (16/12)/((-2)/(-9)). Suppose b + 3 = 0, -2*b - 356 = -3*x - 2*x. Suppose -y*q + x = -q. Is q a multiple of 14?
True
Let m(k) = -39*k + 4. Is m(-6) a multiple of 30?
False
Suppose 5*r = -5*q + 195, 0 = -2*q + q - 5*r + 27. Is q a multiple of 6?
True
Suppose -s - 84 = -3*s. Is 7 a factor of s?
True
Let s(f) = f**3 - 5*f**2 - 18*f - 8. Is s(8) a multiple of 7?
False
Let n(o) = -3*o. Let z be n(-6). Suppose z = b + 2*b. Suppose 6 = h - b. Does 8 divide h?
False
Let r be -13 + (3 - 12/4). Let m = 17 + r. Does 4 divide m?
True
Let d = 65 + 19. Suppose d = g + 3*g. Is g a multiple of 14?
False
Suppose 0 + 10 = 2*l. Let y(s) = 12*s - 1. Let w be y(1). Let v = w + l. Does 16 divide v?
True
Let d(h) = 2*h - 7. Let u be d(5). Suppose -o - o = 0, u*b - 18 = -o. Does 3 divide b?
True
Let f = 8 - 4. Is 4 a factor of f?
True
Let y(n) = -4*n - 3. Let o(t) = -13*t - 8. Let i(m) = 4*o(m) - 11*y(m). Is i(-7) a multiple of 25?
False
Let d(g) = -8*g**3 - 2*g**2 - 1. Is d(-2) a multiple of 11?
True
Suppose -2*n + 3*t + 97 = 0, 5*n + 0*t = 5*t + 245. Is n a multiple of 26?
False
Let t be (-4 + 1 - -2) + 22. Suppose -3*x = -0*r - 3*r - t, 0 = -3*r - 9. Suppose -5*w + x*s = -100, 3*w + s - 96 + 19 = 0. Is 17 a factor of w?
False
Let l(t) = 5*t**2 + 0*t**2 - t - 2 + 0 - 3*t**2. Let r(i) = -i**3 + 4*i**2 + 2. Let s be r(4). Is l(s) a multiple of 4?
True
Let j be (-56 - (0 + 1))/(-1). Suppose 4*i = i + j. Is i a multiple of 6?
False
Let x(n) = 4*n**2 - 1. Suppose -2*i - 8 = -2*l, -i - 2*l + 6*l = 19. Let d be x(i). Suppose -t + d*t - 2*f = 18, 8 = 4*t + 3*f. Does 3 divide t?
False
Suppose -3 = -3*x + 3. Let t(a) = 5*a**3 + a**2 - 3*a + 2. Is t(x) a multiple of 20?
True
Let m(d) = d**2 + 2*d. Let s be m(-3). Is 2/(1*s/18) a multiple of 6?
True
Let v be (-1)/(-3) - (-186)/9. Is v + 3/(12/(-16)) a multiple of 17?
True
Is 6*(-1)/(8/(-60)) a multiple of 15?
True
Suppose -248 = 25*z - 29*z. Does 5 divide z?
False
Let m = 47 - 20. Suppose -173 - m = -4*y. Does 10 divide y?
True
Let w(n) = 37*n**3 - n. Let b(l) = -l + 5. Let i = -4 + 8. Let f be b(i). Is w(f) a multiple of 15?
False
Let b = 14 - 10. Let t = 9 + b. Does 9 divide t?
False
Suppose 4*s + 0 = 64. Is 12 a factor of s?
False
Is 10 a factor of (2 - 42)/(-5 + 4)?
True
Let i(y) = -2*y + 12. Let u be i(5). Suppose 3*j = -4*c + 131, j - 4*j + 155 = -u*c. Is j a multiple of 18?
False
Is 8 a factor of 8/(-28) + 1460/14?
True
Let w be ((-6)/(-9))/(4/150). Suppose -2*u + 52 = 2*g, 0 = -5*g - 7*u + 3*u + 127. Suppose -2*b + g = -w. Is b a multiple of 12?
True
Suppose -39 = -3*r + 4*y, -r + 8 = -2*y - y. Is r a multiple of 3?
False
Let a(y) = 130*y - 1. Let w(r) = -r**2 + 2*r + 1. Let f be w(2). Let t be a(f). Is (-1)/(-2) - t/(-6) a multiple of 8?
False
Let n be 3/(-18)*-3*-2. Let q be 18 + (0 - n) + -2. Does 15 divide q + (-2)/(-1)*-1?
True
Let o(q) = -q**2 + 3*q + 1. Let j be o(3). Let w = 1 + j. Does 2 divide w?
True
Suppose 33 = 5*r + 8. Suppose q = -5*n + n + 19, -2*n + r*q + 15 = 0. Suppose 4*b - 25 = n*z, -5*z + 22 = 5*b + 2. Is b a multiple of 5?
True
Suppose -a - 3*s - 1 = 2, 5*s = 4*a + 29. Let f be -3 - a - 2 - -39. Suppose -f = -3*g - g. Is 5 a factor of g?
True
Let w(f) be the first derivative of f**3/3 - f**2/2 + 4*f + 5. Let c be -4 - (0 + 0 + -1). Is w(c) a multiple of 8?
True
Let y(r) = -r**3 - 7*r**2 - 6*r + 5. Let a be y(-6). Suppose a*z = 3*z + 68. Is z a multiple of 8?
False
Is (-25)/(-3) - (-6)/9 a multiple of 9?
True
Let u be (-2)/8*2*-4. Suppose 4*q + u*i - 14 - 12 = 0, -i + 37 = 5*q. Is 7 a factor of q?
False
Let r = -7 - -10. Suppose 0 = -v + r*m + 3, 5*v - 2*m = -0*m + 28. Let a = 12 - v. Does 3 divide a?
True
Suppose -3*g - 4 = 5. Let k(t) = -t**3 - 2*t**2 - 4*t - 3. Let w be k(g). Is 6 a factor of (w/4)/((-3)/(-8))?
True
Let t(f) = -f - 5. Let h be t(-8). Suppose 30 = -h*w - 33. Is 12 a factor of (-6)/w + 96/7?
False
Suppose t + 0*t = 2. Suppose -3*r + 1 = 3*a - t, -3*a + 11 = -r. Is 7 a factor of (3/a)/(1/21)?
True
Let j = 2 - -2. Let r be (-8)/24 - 1/(-3). Let n = r + j. Is n even?
True
Suppose 0 = -3*k - x - 23 + 85, 3*k - 66 = 3*x. Is k a multiple of 21?
True
Let q(k) = 8*k - 19. Is 9 a factor of q(7)?
False
Suppose -3*i + 5*i = 5*r - 54, 4*i + 4*r = -108. Let g = -17 - i. Is 10 a factor of g?
True
Let v = -9 - -14. Suppose 4*f - 73 = 5*k, 3 = -v*k - 2. Is f a multiple of 17?
True
Let f = -33 + 87. Is f a multiple of 18?
True
Let a = 16 + -8. Does 4 divide a?
True
Suppose 5*j - 2*n = 12, -3*j + 5 = 4*n + 3. Suppose 11 = 3*u - j*u. Is u a multiple of 4?
False
Let d(s) = s - 9. Let r(u) = 2*u - 8. Let q(f) = -5*d(f) + 6*r(f). Does 6 divide q(3)?
True
Let m(p) = -p**2 - 10*p. Let h be m(-8). Let o = 52 - h. Does 18 divide o?
True
Let a(o) = 4*o**3 - o**2 + 3*o - 1. Let z be a(2). Is 11 a factor of z/2*(-10)/(-3)?
True
Let r = -58 - -82. Does 6 divide r?
True
Suppose 76 = -3*s + 5*s. Is 7 a factor of s?
False
Let z(v) = -v**3 - 3*v**2 - v + 1. Does 28 divide z(-5)?
True
Suppose 0 = 3*m + 3, 4*c + 1036 = 9*c - m. Is 27 a factor of c?
False
Let s = -106 + 436. Does 15 divide s?
True
Let y be ((-8)/6)/(12/(-18)). Suppose 0 = -4*m + y*m + 12. Suppose 0 = m*k - k, -3*w + 81 = -k. Is w a multiple of 9?
True
Let n(p) be the third derivative of -p**5/60 + 2*p**3 - p**2. Does 12 divide n(0)?
True
Let h be 466/4 + (-1)/(-2). Suppose -3*t + 0*t = -h. Is 13 a factor of t?
True
Suppose 4*x + 6 = 18. Let n(h) be the third derivative of h**6/60 - h**5/20 + h**4/24 - h**3/3 + 2*h**2. Is n(x) a multiple of 14?
True
Suppose i + 171 = 10*i. Is i a multiple of 8?
False
Let j(t) = -3*t + 4 - 3*t + 26*t. Does 28 divide j(4)?
True
Let j = -2 + 2. Suppose -4*w - 4 = j, -7 = n + 4*w - 2. Let x(m) = -10*m. Is 5 a factor of x(n)?
True
Suppose 0 = c - j - 2*j - 35, -2*c + j = -65. Is c a multiple of 16?
True
Suppose 2*c - 1 - 1 = 0. Is 10 a factor of 1 - (-18 + -2 + c)?
True
Let n = 5 + -5. Suppose 5*i = -c + 352, i - 5*i - c + 281 = n. Does 21 divide i?
False
Suppose -5*o + 56 = -74. Is 16 a factor of o?
False
Suppose w + w + 3*u = 280, -390 = -3*w + 3*u. Suppose w = 2*z + 14. Is z a multiple of 20?
True
Let r(c) = 1 + 2*c - 2 + 6*c**2 + c - 2*c**2. Let b be -1 + -2 + (0 - 0). Does 13 divide r(b)?
True
Suppose 3*c + 2*c = -g + 169, -c - 3*g = -45. Does 9 divide c?
False
Suppose b - 4*g = 3*b - 116, -3*b + 4*g + 154 = 0. Is 27 a factor of b?
True
Let b(h) = 0*h + 21*h**3 - h**2 + 3*h - 2*h - 1. Is 10 a factor of b(1)?
True
Let o = -4 - -6. Suppose -3*y + 6 = -o*u, u - 10 = -2*u - 5*y. Is (-6)/18*(u + -12) a multiple of 4?
True
Suppose -1 = 4*c + 11. Let y be (c/(-2))/((-12)/(-16)). Is 18 a factor of 12*(7 - 1)/y?
True
Let t(b) = -b**2 + 6*b - 6. Let z be t(6). Let l = z + 19. Is 9 a factor of l?
False
Let u = 4 + -8. Let c(z) = -z**3 - 4*z**2 - 2*z - 1. Let a be c(u). Is 3 a factor of (-46)/(-14) - 2/a?
True
Suppose -4*x - 20 = -0. Does 7 divide 66/10 + (-2)/x?
True
Let w = -14 - -31. Suppose q = 5*d - 5 - 2, -w = -5*q - d. Suppose -q*a + 44 + 52 = 0. Is 11 a factor of a?
False
Suppose 0 = -5*h + 39 - 9. Let z = h + -2. Suppose -2*r = 2*y - 0*y - 60, z*y = 4*r - 88. Is 13 a factor of r?
True
Let i = 4 - -15. Is 19 a factor of i?
True
Suppose -2*k + k - 2*f = -55, 149 = 3*k + 2*f. Does 11 divide k?
False
Let g be 10 